the prime factors of v?
2, 5
Let u be -1 + (7 + -4 - 0). Suppose -5*d + 54 = -2*d + 5*m, -m - 23 = -u*d. List the prime factors of d.
13
What are the prime factors of 6*((-2664)/84)/((-8)/14)?
3, 37
Let r = 3345 - 248. List the prime factors of r.
19, 163
Let r = -831 - -1529. List the prime factors of r.
2, 349
Let h(z) = -13 + 26 - 2*z**2 + z**2 + 17*z. Let k(w) = 13*w**3 + w**2 + w - 1. Let p be k(1). List the prime factors of h(p).
5, 11
Suppose -1033 - 641 = -9*v. Let f = -82 + v. What are the prime factors of f?
2, 13
What are the prime factors of ((20910/24)/(-17))/(1/(-52))?
5, 13, 41
What are the prime factors of ((-2)/(-1))/((-1)/(-64))?
2
Let g(x) be the second derivative of x**4/6 - x**3/2 - 2*x**2 - x. Let k(f) = -f**2 + 21*f - 63. Let n be k(17). What are the prime factors of g(n)?
31
Let j(v) = 46*v**2 - 15*v - 46. List the prime factors of j(-7).
3, 257
Suppose -3*h - 4*d = h - 480, -5*h - 4*d = -604. Let g be h/7 + 2/7. Suppose -4*z + 122 = g. What are the prime factors of z?
2, 13
Suppose 721 = 5*w - 2*f, 0 = 2*w - 0*w - 4*f - 298. Suppose 0 = 4*i + w - 47. List the prime factors of 9/(3 - (-68)/i).
2, 3
Suppose -67 + 5293 = 3*k. List the prime factors of k.
2, 13, 67
Suppose 10 = 2*s + 2*g, 0*g + 4*g = -s + 8. Suppose 185 = 9*h - s*h. List the prime factors of h.
37
Let q(b) = 706*b**2 + 7*b + 2. What are the prime factors of q(2)?
2, 5, 71
What are the prime factors of 1*3 - (-101 + -35)?
139
Suppose -6*h = -3*h. Suppose 2*u - 5 - 1 = h. Suppose 0 = 5*b - 3*t - 22, 3*b - 5*t - 13 + u = 0. What are the prime factors of b?
5
List the prime factors of (5372/4)/((-4)/(-4)).
17, 79
Let r be (-8)/(-10)*(-4615)/(-26). Suppose -r = -2*u + 58. Suppose -o = 3*o - u. What are the prime factors of o?
5
Let u = 17 + -146. Let l = u + 291. What are the prime factors of l?
2, 3
Suppose -n - 21 = -4*n + 3*i, -2 = -2*n - 4*i. List the prime factors of n.
5
Let a be 37/((7/14)/(0 - 1)). Let u = -63 - a. What are the prime factors of u?
11
Let p(c) = -c**3 + 13*c**2 - 11*c - 8. Let h be ((-1)/1)/(3 + -4). Let m(d) = -d**2 + d - 1. Let o(j) = h*p(j) - 2*m(j). What are the prime factors of o(14)?
2
Suppose 4*z = 5*u - 0*u + 44, -4*u - 52 = z. Let f be (2 - 4)/(3/3). Let c = f - u. List the prime factors of c.
2, 5
Let y be 2 + -5 - (-167 - -4). Suppose -25*b + 29*b = y. What are the prime factors of b?
2, 5
Suppose 5*a + 3*k = 6*k + 7009, 0 = 4*k + 12. What are the prime factors of a?
2, 5, 7
Let x(g) = g**2 + 5*g - 172. What are the prime factors of x(14)?
2, 47
What are the prime factors of (-3 - ((-24)/(-6))/4)*-343?
2, 7
Let z(s) = s**3 + 6*s**2 - 5*s + 11. Let b be z(-5). Let c = b + -23. Suppose -2*t + 7 + c = -a, -3*a = 15. What are the prime factors of t?
2, 5
Let i be (51 - 9)/((-6)/4). List the prime factors of i/8*-22 - 3.
2, 37
Let m = 105 - 95. Suppose -2*n + m = -80. What are the prime factors of n?
3, 5
Let a = -25 + 29. Suppose a*y = 3*k - 68, 8 = 3*y + 3*k + 59. Let h = y - -50. List the prime factors of h.
3, 11
Suppose 0*f + 3745 = 5*f. Suppose 0 = -5*n + f - 154. List the prime factors of n.
7, 17
What are the prime factors of (1 - 62/(-3))/((-69)/(-2277))?
5, 11, 13
Suppose 1030 = -5*t + j, 3*t = t - 5*j - 439. Let g = t + 60. Let w = -88 - g. What are the prime factors of w?
59
Suppose 2*d + 5*v = -16, -d - 4*v = -2*d - 21. Let x = 30 - d. List the prime factors of x.
43
Let f = 13 + -25. Let i be f/21 + 36/14. Suppose i*v - 49 = -5*z, -4*v - v = -10. List the prime factors of z.
3
Let o = 26 - 27. Let d(u) = 91*u**2 + 2*u + 2. List the prime factors of d(o).
7, 13
Suppose n - 13 - 1 = 0. Let k = 46 + n. List the prime factors of k.
2, 3, 5
Suppose 6*u = -32*u + 44346. List the prime factors of u.
3, 389
Let s(n) = -n + 3. Let i be s(-1). List the prime factors of 15*i/(-12)*378/(-10).
3, 7
Let d(v) = 41*v**2 - 48*v - 257. List the prime factors of d(-5).
2, 3, 7
Let y = 22 + -20. Suppose 3 = p - y. Suppose 141 = p*f + r - 2*r, -2*f - 4*r + 74 = 0. What are the prime factors of f?
29
What are the prime factors of (-1)/(-4 + (-3644)/(-912))?
2, 3, 19
Let i(n) be the first derivative of -102 - n**2 + 5*n - 4*n + 97. What are the prime factors of i(-11)?
23
Suppose 2*v - 1 = -v + 4*s, -4*v - 4*s = 36. Let c(k) = -2*k - 2. Let b be c(-10). Let j = b + v. List the prime factors of j.
13
Let k(o) = -427*o**3 - o. Let y be k(1). List the prime factors of ((-5)/((-40)/y) - -2)*-2.
103
Suppose -2*x - 4*c = 13 + 23, -90 = 5*x + 2*c. Suppose b - 8 + 2 = 0. What are the prime factors of (x/(-15))/(b/220)?
2, 11
Suppose 4*t + 799 = 3*a, 22*a + 763 = 25*a + 5*t. What are the prime factors of a?
3, 29
Let k(o) = -3*o + 9. Let f be k(2). Suppose 2*b + 4*v = 106, 2*b + 2*v - 110 = -f*v. What are the prime factors of b?
3, 5
Let p be (-11)/5 + 1/5. Let y(d) = -d**2 - 2*d + 1. Let o be y(p). What are the prime factors of o/(3/36) + -2?
2, 5
Suppose 220 = -2*z - 164. Let u be (-2)/(-11) + z/(-33). Suppose 2*m + 3*p - 23 = 0, 3*p = -m + 7*p + u. List the prime factors of m.
2, 5
Let j = -674 + 1289. Suppose 3*k - j = -105. List the prime factors of k.
2, 5, 17
Let g be (-1 - -1)/(4 - 2). Suppose 11*r = -2*r + 377. List the prime factors of r - ((g - 4) + 4).
29
List the prime factors of 7*(6/21 - 324/(-21)).
2, 5, 11
Let u(g) = -g**3 + 10*g - 3. Let q be u(-6). Suppose 0*k = k - q. What are the prime factors of k?
3, 17
Let y be 2/(2*(-1)/(-1)). Let b(x) = -64*x**3 - x**2. Let s be b(-1). List the prime factors of 2214/s - y/7.
5, 7
Let r = -245 - -172. List the prime factors of 3 - (r - (-4)/10*-5).
2, 3, 13
Let t(a) = 36*a + 10. Let i(g) = -18*g - 5. Let s(u) = -5*i(u) - 3*t(u). List the prime factors of s(-5).
5, 17
Let m = -279 + 285. List the prime factors of m.
2, 3
Let p(h) = h. Let r be p(-9). Let q = r - -13. Suppose 6*t - 36 = q*t. What are the prime factors of t?
2, 3
Suppose 0 = -30*k - 22 + 622. List the prime factors of k.
2, 5
Let z(v) = 3*v**3 + 2*v**2 - 2*v + 1. Let s be z(1). What are the prime factors of 70*s*(-2)/(-16)?
5, 7
Let i = -11 - -15. What are the prime factors of 14*6 - i/(-1)?
2, 11
Let b(n) = n**3 + 7 + 7 + 13*n**2 - 6*n**3 + 15*n + 4*n**3. What are the prime factors of b(14)?
2, 7
Let b be 2*-16*(0 - 2). Suppose 0*x = s + x - 35, x + b = 2*s. What are the prime factors of s?
3, 11
Suppose 115*u - 911 = 114*u. List the prime factors of u.
911
Suppose -2*d + p = -324, 5 = p + 3. List the prime factors of d.
163
Let z = -16 + 19. Suppose -2*a = -a - z. Suppose 2*h = 5*p + 117, h - 48 = a*p - 4*p. What are the prime factors of h?
3, 17
Suppose 1132 = 4*x - 3*k - k, -k = 5*x - 1403. List the prime factors of x.
281
Suppose 5951 = 3*r - g, g + 12 = 16. What are the prime factors of r?
5, 397
Let w be (-10)/8*(-51 + -4 + 3). Suppose -336 = w*a - 69*a. List the prime factors of a.
2, 3, 7
Let p = 647 - 78. List the prime factors of p.
569
Let i be ((-10)/(-3))/((-2)/3). Let y = i - -7. Suppose -y*b = -b - 10. What are the prime factors of b?
2, 5
Suppose -3*p + 4 = 2*n, -3*p + 5*n + 4 = -7. Let r be ((-24)/(-36))/(p/36). Suppose -4*h + 36 = -r. List the prime factors of h.
2, 3
Suppose -96 = 10*k - 7*k. What are the prime factors of ((-369)/(-12))/((-12)/k)?
2, 41
Suppose 13 - 11 = r. Suppose 0 = r*b - 73 - 103. What are the prime factors of b?
2, 11
Let u(m) = 239*m - 282. List the prime factors of u(11).
2347
Suppose 11362 = 43*i - 14868. List the prime factors of i.
2, 5, 61
Suppose 1225 = 8*k - 2175. List the prime factors of k.
5, 17
Let a = -1349 - -3449. List the prime factors of a.
2, 3, 5, 7
Suppose 40*c - 121880 = -15*c. What are the prime factors of c?
2, 277
Suppose 0 = -4*f - 4*w - 4, 0*f + 2*w = -4*f + 6. Suppose 0 = -0*r + f*r - 264. What are the prime factors of r?
2, 3, 11
Let d = 1989 + -275. List the prime factors of d.
2, 857
Let h(x) = -x**3 - 4*x**2 - 5*x - 3. Let n be h(-3). Let r(z) = 5*z**3 - 4*z**2 + 4*z - 7. List the prime factors of r(n).
2, 13
Let n be (2 - (21/(-9))/(-1))*-12. Suppose 2*z + 2*z + 270 = 2*b, -n*b = 5*z - 579. List the prime factors of b.
3, 47
Suppose -18*y + 3490 + 3854 = 0. What are the prime factors of y?
2, 3, 17
Suppose 2*c - 583 - 6145 = -3*x, 6723 = 3*x - 3*c. What are the prime factors of x?
2, 19, 59
Suppose 6037 - 46261 = -12*v. List the prime factors of v.
2